{"id":40,"date":"2018-09-27T12:48:57","date_gmt":"2018-09-27T10:48:57","guid":{"rendered":"http:\/\/finance-chikh-grandin.com\/?page_id=40"},"modified":"2018-10-12T07:54:01","modified_gmt":"2018-10-12T05:54:01","slug":"sabrina-chikh","status":"publish","type":"page","link":"https:\/\/finance-chikh-grandin.com\/?page_id=40","title":{"rendered":"Sabrina Chikh"},"content":{"rendered":"<p><img loading=\"lazy\" decoding=\"async\" class=\"alignright size-medium wp-image-140\" src=\"https:\/\/finance-chikh-grandin.com\/wp-content\/uploads\/2018\/10\/Sabrina-Chikh-280x300.jpg\" alt=\"\" width=\"280\" height=\"300\" srcset=\"https:\/\/finance-chikh-grandin.com\/wp-content\/uploads\/2018\/10\/Sabrina-Chikh-280x300.jpg 280w, https:\/\/finance-chikh-grandin.com\/wp-content\/uploads\/2018\/10\/Sabrina-Chikh-768x822.jpg 768w, https:\/\/finance-chikh-grandin.com\/wp-content\/uploads\/2018\/10\/Sabrina-Chikh-957x1024.jpg 957w, https:\/\/finance-chikh-grandin.com\/wp-content\/uploads\/2018\/10\/Sabrina-Chikh-140x150.jpg 140w, https:\/\/finance-chikh-grandin.com\/wp-content\/uploads\/2018\/10\/Sabrina-Chikh.jpg 1200w\" sizes=\"auto, (max-width: 280px) 100vw, 280px\" \/>Professeur associ\u00e9 en finance \u00e0 SKEMA Business School. Elle dirige le MSc Corporate Financial Management, programme multi-campus \u00e0 Paris-La d\u00e9fense, Sophia-Antipolis, Lille et Belo Horizonte. Elle donne r\u00e9guli\u00e8rement des conf\u00e9rences, notamment en finance comportementale.<\/p>\n<p>&nbsp;<\/p>\n<p><em><span style=\"color: #333333;\"><strong>Recherche et sp\u00e9cialisation<\/strong>\u00a0<\/span><\/em><\/p>\n<p>Sp\u00e9cialis\u00e9e en finance d\u2019entreprise et en finance comportementale, Sabrina Chikh a publi\u00e9 plusieurs articles dans des revues \u00e0 comit\u00e9 de lecture dont le Journal of Corporate Finance. Elle est aussi l\u2019auteur de l\u2019ouvrage \u00ab\u00a0Finance comportementale\u00a0\u00bb, 2016, Economica (en collaboration avec Pascal Grandin). Elle est membre du laboratoire Finance &amp; Accounting Insightson Risk and Regulation (FAIRR). Ses recherches portent sur l\u2019impact des dirigeants sur la performance financi\u00e8re des firmes, l\u2019\u00e9co-efficience des entreprises et l\u2019impact des biais cognitifs dans la prise de d\u00e9cisions financi\u00e8res.<\/p>\n<p><span style=\"color: #333333;\"><strong><em>Enseignement et conf\u00e9rences professionnelles<\/em><\/strong><\/span><\/p>\n<p>Sabrina Chikh intervient principalement sur les th\u00e8mes suivants\u00a0: Introduction aux march\u00e9s financiers, math\u00e9matiques financi\u00e8res, mod\u00e9lisation financi\u00e8re avec Excel, finance d\u2019entreprise, finance comportementale, m\u00e9thodes de recherche et pens\u00e9e critique, pr\u00e9paration aux examens du CFA.<\/p>\n<p><strong><span style=\"color: #333333;\"><em>Formation<\/em><\/span><\/strong><\/p>\n<p>Dipl\u00f4m\u00e9e en \u00e9conom\u00e9trie de l\u2019Universit\u00e9 Lille 1 et d\u2019un MSc en Supply Chain Management de Skema Business School, Sabrina Chikh a obtenu son doctorat en finance \u00e0 l\u2019Universit\u00e9 de Lille 2 en 2010.<\/p>\n","protected":false},"excerpt":{"rendered":"<p>Professeur associ\u00e9 en finance \u00e0 SKEMA Business School. Elle dirige le MSc Corporate Financial Management, programme multi-campus \u00e0 Paris-La d\u00e9fense, Sophia-Antipolis, Lille et Belo Horizonte. Elle donne r\u00e9guli\u00e8rement des conf\u00e9rences, notamment en finance comportementale. &nbsp; Recherche et sp\u00e9cialisation\u00a0 Sp\u00e9cialis\u00e9e en finance d\u2019entreprise et en finance comportementale, Sabrina Chikh a publi\u00e9 plusieurs articles dans des revues&#8230;<\/p>\n","protected":false},"author":2,"featured_media":0,"parent":0,"menu_order":0,"comment_status":"closed","ping_status":"closed","template":"","meta":{"footnotes":""},"class_list":["post-40","page","type-page","status-publish","hentry"],"_links":{"self":[{"href":"https:\/\/finance-chikh-grandin.com\/index.php?rest_route=\/wp\/v2\/pages\/40","targetHints":{"allow":["GET"]}}],"collection":[{"href":"https:\/\/finance-chikh-grandin.com\/index.php?rest_route=\/wp\/v2\/pages"}],"about":[{"href":"https:\/\/finance-chikh-grandin.com\/index.php?rest_route=\/wp\/v2\/types\/page"}],"author":[{"embeddable":true,"href":"https:\/\/finance-chikh-grandin.com\/index.php?rest_route=\/wp\/v2\/users\/2"}],"replies":[{"embeddable":true,"href":"https:\/\/finance-chikh-grandin.com\/index.php?rest_route=%2Fwp%2Fv2%2Fcomments&post=40"}],"version-history":[{"count":7,"href":"https:\/\/finance-chikh-grandin.com\/index.php?rest_route=\/wp\/v2\/pages\/40\/revisions"}],"predecessor-version":[{"id":145,"href":"https:\/\/finance-chikh-grandin.com\/index.php?rest_route=\/wp\/v2\/pages\/40\/revisions\/145"}],"wp:attachment":[{"href":"https:\/\/finance-chikh-grandin.com\/index.php?rest_route=%2Fwp%2Fv2%2Fmedia&parent=40"}],"curies":[{"name":"wp","href":"https:\/\/api.w.org\/{rel}","templated":true}]}}